= 0, 3*h = -0*h + 5*t + 26. Calculate the remainder when 34 is divided by h.
10
Suppose -164 = -4*y + 2*m + 170, 4*y - 5*m - 343 = 0. What is the remainder when y is divided by (-496)/(-24) + 1/3?
19
Let m(s) = -s**3 + 2*s**2 - s. Let q be m(1). Suppose 5*h - 395 = -q*h. What is the remainder when h is divided by 20?
19
Calculate the remainder when 72 is divided by 5/(-3)*(-12 + 3).
12
What is the remainder when 8/6*(-363)/(-44) is divided by 4?
3
Calculate the remainder when 29 is divided by (2/2)/(5/55).
7
Suppose 0 = 5*j - 10, -2*j = 4*l + 3*j - 46. Suppose 4*d + 4*p = 80, 51 = 4*d + 2*p - 39. What is the remainder when d is divided by l?
7
Let n be 2/(-6)*(70 + -1). Let u = -105 + 148. Let d = n + u. What is the remainder when d is divided by 7?
6
Let a = -39 + 58. Suppose -5*x - g + 177 = 0, -6*x = -4*x + g - 69. What is the remainder when x is divided by a?
17
Suppose g + 4*l - 38 = 0, -2*g + 2*l - 3*l = -97. What is the remainder when g is divided by 17?
16
Let b = 98 - 67. What is the remainder when b is divided by 8?
7
Let n be 62 - (-2 + (4 - -1)). Let m = n + -24. Calculate the remainder when m is divided by 9.
8
Let n = 122 - -45. What is the remainder when n is divided by 42?
41
Let t = 15 - -9. Calculate the remainder when 70 is divided by t.
22
Let k(f) = -8*f - 86. What is the remainder when k(-19) is divided by 17?
15
Let r be (36/(-21))/(6/(-21)). Calculate the remainder when 27 is divided by 99/r - (-9)/(-6).
12
Let u(o) = 9*o**2 + o + 3. What is the remainder when u(-3) is divided by 21?
18
Suppose -2*r - 30 = 5*b - b, 0 = -3*r + 4*b + 5. What is the remainder when (-62)/2*(4 + r) is divided by 8?
7
Let l(p) be the third derivative of p**6/120 + 7*p**5/60 - p**4/24 - 2*p**3/3 + p**2. Calculate the remainder when l(-6) is divided by 13.
12
Let h(c) = -c**3 - 12*c**2 + 11*c - 3. What is the remainder when 44 is divided by h(-13)?
21
Let a = -4 + 2. Let p be 14/6 - a/3. Suppose 26 = -u + p*u. Calculate the remainder when u is divided by 5.
3
Suppose 0 = -6*z + 82 + 62. What is the remainder when z is divided by 10?
4
Suppose 2*p - 2*q + 15 = 7, 3*q = 2*p + 10. Let s = 11 + -15. Calculate the remainder when 42 is divided by -44*(p + (-6)/s).
20
Let g(s) = 2*s**2 - 20*s - 6. What is the remainder when 62 is divided by g(11)?
14
Let a(l) be the first derivative of -4*l + 2 - 5/2*l**2. Calculate the remainder when a(-5) is divided by 11.
10
Suppose 3*x - 4 = -1. Calculate the remainder when 4 is divided by x.
0
Let f(z) = z**3 + 5*z**2 - 7*z. Let r be f(-6). Let t = -18 - -46. Calculate the remainder when t is divided by 45/r*(-8)/(-4).
13
Let k be (-2727)/(-15) + 1/5. Suppose 457 = 5*r + 4*j - 0*j, k = 2*r + 2*j. Suppose f = -2*f + r. What is the remainder when f is divided by 11?
9
Suppose i = -2*d + 3*d - 6, 0 = -5*d - 15. Let t(v) = -5*v**2 - 2*v - 1. Let u be t(-2). Let m = i - u. Calculate the remainder when m is divided by 5.
3
Let i(p) = -15*p - 21. What is the remainder when i(-7) is divided by 17?
16
Suppose -36 + 12 = -4*f. What is the remainder when f is divided by 3?
0
Suppose -4 = -2*p, u + 0*p + p = 40. What is the remainder when 113 is divided by u?
37
Suppose -4*z + 4 = 4*u, z - 1 = -u + 2*u. Let w be u - (-4 + 2/2). What is the remainder when 28 is divided by (4/w)/((-6)/(-45))?
8
Suppose 0 = 2*v - 4*v. Let y = 1 - v. What is the remainder when 34 is divided by ((-4)/(-8))/(y/24)?
10
Suppose q = 5*q - 2*a + 4, 5*q + a - 2 = 0. Suppose q*m - 2 = -m. What is the remainder when 6 is divided by m?
0
Suppose 5*x = z + 35, 5*x - 9 - 36 = 3*z. Let g = 11 + 0. What is the remainder when g is divided by x?
5
Let z = 14 - 8. Let s = -4 + z. Suppose s*m - 49 = m. What is the remainder when m is divided by 13?
10
Let k be (-4)/6*81/3. Let l = k + 28. Calculate the remainder when 37 is divided by l.
7
Let y be (-3)/(-3) - -2 - -1. Suppose -2*k + 4 = -y. Calculate the remainder when k is divided by 2.
0
Let y(v) = -2*v**2 + 9*v + 0*v - 5*v**2 + 0*v**2 + v**3 - 6. Calculate the remainder when 22 is divided by y(6).
10
Suppose -2 = -h - 4*t + 6, -58 = -4*h - 3*t. Let l = h - 4. What is the remainder when 34 is divided by l?
10
Suppose 5*n - 9 = -4. Let o be n + 2/(-6)*-3. Suppose z - o = 6. Calculate the remainder when 29 is divided by z.
5
Let v(z) = -6*z - 2. Let h(b) = -5 + 2 + 1 - 11 - b. Let i be h(-10). Calculate the remainder when v(i) is divided by 6.
4
Calculate the remainder when (-6)/10 + 1344/40 is divided by 7.
5
Let i = -4 - -6. Let j(l) = -l - 2*l - i + 2*l. Calculate the remainder when 5 is divided by j(-4).
1
Suppose -26 = -5*d + 54. Calculate the remainder when 56 is divided by d.
8
Suppose h - 40 = -4*h. Let i(k) be the first derivative of 3*k**2/2 - 12*k + 6. Calculate the remainder when 22 is divided by i(h).
10
Let y = 1 + 3. Let t = -85 + 132. Suppose 5*f + 32 = 2*i, 5*i + 0*f + 4*f - t = 0. Calculate the remainder when i is divided by y.
3
Let g(a) = a**3 + 8*a**2 - 13*a - 23. What is the remainder when 48 is divided by g(-9)?
9
Let r(h) = h**3 + 7*h**2 + 6*h + 8. Let d(f) = -f**3 - 6*f**2 - 7*f + 4. Calculate the remainder when d(-5) is divided by r(-6).
6
Let g = 58 + -45. What is the remainder when 38 is divided by g?
12
Let z(r) = 3*r**2 + r. Let k = 5 + -6. Calculate the remainder when 2 is divided by z(k).
0
Let h(i) = -i**2 + 7*i - 6. Let a be h(6). Suppose a = -2*p - 0 + 20. Calculate the remainder when (9/(-12))/((-27)/1332) is divided by p.
7
Let k(v) = -v**2 - v + 1. Let q(i) = -i**3 + 8*i**2 + 8*i - 8. Let h(p) = -4*k(p) - q(p). What is the remainder when 25 is divided by h(5)?
7
Let a = -29 - 121. What is the remainder when 1/4 - a/8 is divided by 4*1*(-1 + (-77)/(-28))?
5
Suppose -3*f - 4*k + 2*k + 6 = 0, -5*f = k - 17. Let d = -16 - -32. What is the remainder when ((-4)/(-3))/(f/138) is divided by d?
14
What is the remainder when 4/(-6) - (-212)/12 is divided by 9?
8
Suppose -5 = -0*w - 5*w. Let j = 9 + w. Let f = 17 - j. Calculate the remainder when f is divided by 4.
3
Suppose 6*d - 10*d = -48. Calculate the remainder when 35 is divided by d.
11
Calculate the remainder when (-211)/(-5) - (-8)/(-40) is divided by 5/(-10) - (-62)/4.
12
Let m = 2 - 7. Let w = 19 + m. What is the remainder when 41 is divided by w?
13
Suppose 0 = -6*i + i + 10. Calculate the remainder when 65 is divided by (0 - -22)/(0 + i).
10
Let y = -26 + 41. Suppose 0 = o - 4*i - y - 13, 0 = -3*o + 3*i + 48. Calculate the remainder when 45 is divided by o.
9
Let y(q) be the first derivative of -13*q**2 - q - 4. Suppose 2*o + 0*o - 18 = 3*f, 0 = -3*o - 3*f + 27. What is the remainder when y(-1) is divided by o?
7
Let m(b) = b**2 + 2*b - 5. Let l(w) be the third derivative of -w**4/8 + w**3/2 + w**2. Let v be l(3). What is the remainder when 74 is divided by m(v)?
17
Suppose 2*a + 17 = 2*b - 57, a - 5 = 0. Calculate the remainder when 12 is divided by (6/(-9))/((-4)/b).
5
Let u be (165/(-12))/(1/(-4)). Suppose 70 = k - 4*q, -k + 0*k + u = -q. Calculate the remainder when k is divided by 147/9 + (-2)/(-3).
16
Suppose -5*n = -180 - 105. What is the remainder when n is divided by 30?
27
Let a(m) = -15 + 4*m + 15. Let l be a(-3). Calculate the remainder when 23 is divided by l/((-1 + 0)*1).
11
Suppose 0 = 5*f + 4*m - 348, -5*m + 88 + 41 = 2*f. Calculate the remainder when f is divided by 15.
12
Let s = -32 + 78. What is the remainder when s is divided by 16?
14
Suppose 4*d = f + 45 - 13, -3*d - 111 = 3*f. Calculate the remainder when 3/(-18)*4*f is divided by 13.
11
Suppose 7*z = -5 + 138. Calculate the remainder when z is divided by 5.
4
Let b(k) = k - 4. Let a be b(6). Suppose 5*h = 3*h + a. What is the remainder when 2 is divided by h?
0
Let t(h) = 7 + h - h + h. Let p be t(-5). Suppose 0 - 6 = -4*c + p*v, -5*v + 25 = 0. What is the remainder when 15 is divided by c?
3
Let b(f) = 3*f**2 - 1. Let u be b(-1). Suppose 56 = u*s - 6. What is the remainder when s is divided by 11?
9
Suppose 0 = 2*d + 9 - 49. Calculate the remainder when 8/6*(-1026)/(-36) is divided by d.
18
Suppose 3*x + 5*p + 221 = 6*x, -3*x - 5*p = -181. Calculate the remainder when x is divided by 34.
33
Let v be 5*(24/(-10) - -2). Let z = v + 4. Suppose 88 = 4*y + 5*k, 38 = z*y + 5*k - 4*k. What is the remainder when y is divided by 9?
8
Suppose -5*b + 83 